-7 - ((-3 - -10) + -5 + 4 + 31).
-44
Calculate 50 - ((12 - 20) + 16 + 5 + -8 + -1).
46
1 - ((-31 - -22 - (6 + 3)) + -54)
73
What is the value of 17 - ((22 + -44 - -23) + 19) - -147?
144
What is -30 - (13 + -29) - -22 - (4 - (109 - 4))?
109
What is the value of 13 + 78 + -16 + 16?
91
Evaluate (0 - -4) + -11 + (-4 - (-18 + 28)).
-21
What is the value of 0 + 28 + 10 + -20 - (8 + -7 + 6)?
11
Calculate -14 - 51 - (19 + -31 - -1).
-54
What is -9 - (-14 + (-11 - (-38 + -13)) - -11)?
-46
Evaluate 3 + -3 + (3 - -11) + (-92 - -3) - 7.
-82
Calculate 21 + (-4 - 0) + -2 + 7 + 8.
30
What is (-101 - (-35 + -71)) + (-68 - 1)?
-64
What is 49 + -101 + 20 + 46 - (92 + 0)?
-78
Calculate (154 - 14) + -32 + -56.
52
Evaluate 47 - (-9 - ((-14 + -13 - -19) + 1)).
49
Evaluate (60 - -9) + -8 + 4 + -21.
44
7 + (4 + 9 + -2 - -5) + -3
20
Evaluate 9 + (10 - (49 + -27)) + 25.
22
Evaluate 33 + (-20 - (5 + (-20 - 24))).
52
Evaluate (-15 - (-8 + 16) - (-20 - 11)) + -24.
-16
What is -20 + 48 + -120 - (-6 + (3 - 0))?
-89
Calculate -52 + -9 + 36 + -51.
-76
Calculate 58 + (-6 - -11) + (-33 - (-17 + -24)).
71
(11204 - 11216) + (1 - -27)
16
What is the value of (-50 - (13 + 2)) + (28 - 8)?
-45
What is the value of 19 - 67 - (37 + -49) - -3?
-33
Calculate -63 - (-17 + -70) - -56.
80
What is 61 - (-13 - 4 - (-19 + 23 + -22))?
60
(32 - 22 - 10) + (-1 - -2) - 43
-42
Evaluate (-7 - -9) + (17 - (-18 - -28)) + -37.
-28
Evaluate -34 - (11 + -6 - 21).
-18
Calculate -17 + -1 - 1 - -25 - -15.
21
What is the value of 93 + 13 + (20 - 3) + (13 - 59)?
77
Calculate 76 + (135 - 89) - 49.
73
Evaluate 17 + -1 + (7 - 14) + 1 - 74.
-64
What is -11 - 76 - -199 - 43?
69
Calculate (-9 - -5) + -12 - (711 + -626).
-101
What is 33 - (67 - (99 + -54))?
11
Evaluate -3 + ((3 + 3 - 6) + (-31 - -33) - -2).
1
What is the value of (-29 - -98) + -44 - 53?
-28
What is the value of (-12 - -34) + (1 - 16) - (-21 - 4)?
32
What is the value of 54 - (158 - (-73 + 141))?
-36
0 + 6 - (-42 - (-9 + (19 - 15) + -8))
35
Calculate -63 + (-66 - (116 - 166) - (0 - 11)).
-68
Evaluate (-1846 - -1832) + (-40 - 0) - 16.
-70
-28 - (56 - 69) - 33
-48
What is the value of (-82 - 3) + 2 - (-5269 - -5230)?
-44
What is -18 - (-15 + (-15 - 58) + 21)?
49
What is -3 + -2 - (27 + (3 - 95 - (94 + -81)))?
73
Evaluate 25 - 4 - 0 - (-28 + 14 + 10).
25
What is the value of -24 - (147 + -80) - -195?
104
What is the value of (-6 - (-15 + -13 - -12) - 46) + -11?
-47
(1 + -15 - 0) + (-2423 - -2445) + -1 + 71
78
What is the value of -6 + 36 + -88 - (3 + -1 + (6 - 17))?
-49
7 + (0 - 1) + (-74 - (-97 - -10)) - 4
15
19 + -6 + 25 + 0 + 95
133
4 - 90 - (-344 + 294)
-36
Calculate -13 + -1 + (-2 - -4) + 967 + -947.
8
What is -30 - (2 - (-3 + 21 - 7) - -15)?
-36
What is the value of (16 - (13 - -1)) + 21 + -7 + (5 - 2)?
19
Evaluate (6 + -4 - 1) + 109 + (20 + -10 - 19).
101
What is -67 - (-21 - (-15 + 70))?
9
-12 - -10 - 32 - (65 + -52)
-47
Calculate 5 - (1 + -4) - (-32 - (-6 + 2 + -11)).
25
What is 2 - (0 + -117) - ((147 - 189) + 51)?
110
What is -4 - (-43 + 64) - (4 - -6)?
-35
What is (-11 - (-1 - 15) - 8) + -3 + 2 + -7?
-11
0 + 32 - (1 - -21 - (2378 - 2347))
41
What is the value of -24 - -19 - -30 - (1 + -17 + -3)?
44
Evaluate -18 + (0 - -1 - -10 - 31) + 15.
-23
What is the value of -145 + (245 - 131) + 19?
-12
What is (-97 - (-45 + -12)) + 1?
-39
What is 2 + -5 + (1 - 2 - -15) - -22?
33
19 + -46 + (42 - -1) + -80
-64
Evaluate -34 + 12 + (-3 - -28).
3
What is the value of 44 + -1 + (1777 - 1823)?
-3
(33 + -4 - 5) + 170 + -146
48
Calculate 0 - -1 - (-41 - -36) - -11.
17
-28 + 139 + -110 + (1 - -20)
22
What is 24 - (-24 - -117) - (-4 + -29)?
-36
What is (-15 - -2) + (30 - ((29 - 3) + 7))?
-16
Calculate (16 - (22 + (-53 - -41))) + (0 - 1 - -51).
56
(-4 - -8) + 24 - (-67 + 80) - 13
2
What is (2 - -4) + (35 - 56) + (-5 - -27)?
7
Calculate (-85 - -61 - (9 + -23)) + 76.
66
What is (-27 - (-5 - 131)) + -15 + 4 + -6?
92
-23 + 137 + -134 + (10 - -23)
13
What is the value of (16 - (52 - 42)) + -39 + (-3 - -2 - -3)?
-31
What is the value of (37 - -12) + -16 + -48 + (-15 - 1)?
-31
What is (-36 - 6) + (387 - 318)?
27
Calculate -61 + (11 - (-10 + 7 - 7 - (9 + -21))).
-52
Evaluate 127 - 135 - (0 - (5 + 40)).
37
Evaluate -7 - (10 + (-18 - 15)) - -9.
25
Evaluate 17 + 248 + -218 + -30 + 0.
17
What is 34 + (33 - 98) - -6?
-25
Evaluate (6 - 2) + 28 + (-16 - -12) + (19 - 37).
10
What is the value of -75 + (-165 - -165) + -25 + 6?
-94
Evaluate -35 + 9 + 14 + 77.
65
Evaluate (5 - (-45 + 22)) + -14.
14
What is (37 - 2) + ((-24 - -27) + -9 - 2)?
27
Calculate 7 + 4 + -26 + -29 + 3.
-41
What is 36 - ((11 + 0 - -2) + (575 - 581))?
29
Calculate 200 + -199 - (14 + 2) - -6 - -111.
102
20 - (-11 + 2 + 33 + -13 + 2)
7
1 + (0 + -2 - 11) - (-287 - (-767 - -446))
-46
What is -3 - 36 - -4 - (1 - 18 - (951 - 963))?
-30
Calculate 10 + (-21 - -1) + (-10 + 12 - -3) - -10.
5
What is 23 - ((-18 - -4) + -8 + 35) - (-41 - -2)?
49
(-104 - 49) + 65 - 20
-108
Evaluate -9 + (-4 - 40 - ((230 - 214) + (-1 - 11))).
-57
Evaluate -116 - -112 - -130 - 56.
70
What is the value of -3 + (-41 + 22 - -21) + -30?
-31
Calculate -14 + (-33 + -50 - -131).
34
Calculate -119 - (-41 - 86 - -10).
-2
What is 37 + (94 - (-94 - -253))?
-28
What is the value of -14 - ((1 + 4 - 3) + -8) - (31 - 32)?
-7
What is the value of -6 + 8 + 2 + -2 - 51 - (-78 - -88)?
-59
(3 - (-7 + -56)) + (-28 - (-4 + -12))
54
Calculate (-15 + -15 + -35 + 16 - 13) + -1.
-63
What is -1 + 9 + 0 + 1 - (-65 + 365 + -310)?
19
Evaluate -2 + (-3 - (-2 + 8 + -1)) - (35 - 95).
50
Evaluate -41 + (37 - (69 - 33) - 31).
-71
Calculate (5 - -22) + -3 + -9 + 8.
23
Calculate 30 + (-18 - -47 - 31) + -57.
-29
(0 - (10 - -4)) + (-662 - -628)
-48
What is -99 + 41 + -30 + 28 + -17?
-77
Evaluate (146 + -134 - (-3 - -2)) + -1 + -2.
10
Calculate (-2 - -1) + 0 - (-26 + -3 - (-15 + 4)).
17
Evaluate 18 - (-5 + -19 + 29) - 90.
-77
Evaluate -7 - (8 - (-15 + 10 + 8) - (-1 - -30)).
17
5 - ((-1 - 0) + (-144 - (-102 - -81)))
129
Calculate (1 - 18) + 32 + (-21 - 1) + 11.
4
Evaluate (10 - 6) + (17 - 12) + -30.
-21
Evaluate -4 - (-4 + 86 + 4) - (-386 + 394) - -13.
-85
What is the value of (-184 - -180) + (20 - (4 + -2 + -3))?
17
Calculate -62 - (7 - (-58 + 39)).
-88
(0 - (-15 + 6)) + (92 - 70)
31
What is 7 - 1 - (20 + (-15 - (50 - 57)))?
-6
What is the value of 10 + (364 + -327 - (1 - -21))?
25
What is (2 - (2 - (-2 - -4))) + 0 + (368 - 420)?
-50
Calculate 65 + (-36 - -60) - 37.
52
Evaluate -7 - (-1 + -3 + 23 + -22).
-4
Evaluate -127 + 114 + (5 + -101 - -8) + 3.
-98
23 - (-33 + 28 - -52)
-24
What is -13 + ((31 - 61) + 9 - -7) + -34 + 0?
-61
Calculate 605 + -652 + (-30 - -83).
6
Calculate -9 + 18 + (72 - 60).
21
What is the value of -30 - ((-2 - -14) + (3 + 0 - 2))?
-43
Calculate 29 - (127 - (-9 - -44)).
-63
What is -7 - (8 - 1 - (-59 + -6 + 33 + 36))?
-10
(-83 - -69) + 37 + -2 - 59
-38
Evaluate 6 + 4 + -5 + -16 + (-3 - -20).
6
Evaluate (1 - -19) + 14 + -40 - (68 + 1 + -3).
-72
Evaluate -43 + -3 + 32 + -20.
-34
What is 24440 + -24479 - (-153 - -1)?
113
Calculate (-1 - -62) + (961 - 1087).
-65
1 - 114 - (-14047 + 14018)
-84
(-17 - (-30 + 4)) + 1 + 0 + -36
-26
Evaluate 1 + 151 - ((32 - -271) + -257).
106
What is (1147 - 1131) + 0 + -11 + -1 - -39?
43
What is the value of -17 - ((-12 - -17) + (-17 - (-8 - 0)))?
-13
(107 + -40 - 67) + (0 - 3) + 56
53
What is (91 - -2) + 12 + 17 + -41 - -17?
98
What is the value of ((-6 - -12) + (21 - 11) - 22) + 0 + -43?
-49
What is (132 - 116) + (-53 - 3)?
-40
(-8 - -3) + 27 + -21 + 9 + -16 + -3
-9
Calculate -52 + -34 - (0 + -14 + -1).
-71
What is (-1 + -7 - (-9 - 7)) + -17 - -32?
23
What is 88 - 5 - (4 + -3 - (14 + -9)) - -7?
94
Evaluate (-2 - -4) + -34 - (12 - (5 + 6 + -4)).
-37
What is the value of 13 + (-4 - ((4 - 16) + -1 - (8 - 19)))?
11
What is -69 - -56 - (7 + (57 - 3))?
-74
Evaluate -8 + (1 - 2) - ((-135 - -116) + (-59 - -12)).
57
Calculate -9 - ((-1 - 77) + (208 - 220) - (-1 - -9)).
89
What is -9 + 16 + -4 + (71 - 38)?
36
Calculate -50 + (147 - (121 + -37)).
13
Calculate (5 - -6) + -1 + -10 + (-2 - (-2 - -12)).
-12
Evaluate 1 + -61 + 1 + -2230 + 2234 - (3 - 1).
-57
What is -3 + 4 + (-48 - -20) - (-33 - -18)?
-12
0 - 28 - (216 - 235) - -71
62
Calculate (-74 - (22 + -62)) + -23.
-57
What is the value of (0 - 62) + (-2239 - -2284) - (33 + 1)?
-51
Calcul